r when 543 is divided by 22?
15
What is the remainder when 74 is divided by 59?
15
What is the remainder when 136 is divided by 29?
20
Calculate the remainder when 167 is divided by 27.
5
Calculate the remainder when 384 is divided by 78.
72
Calculate the remainder when 523 is divided by 204.
115
Calculate the remainder when 391 is divided by 57.
49
Calculate the remainder when 372 is divided by 123.
3
What is the remainder when 354 is divided by 33?
24
Calculate the remainder when 88 is divided by 30.
28
What is the remainder when 138 is divided by 10?
8
Calculate the remainder when 401 is divided by 129.
14
Calculate the remainder when 193 is divided by 99.
94
What is the remainder when 698 is divided by 78?
74
Calculate the remainder when 26096 is divided by 15.
11
Calculate the remainder when 40 is divided by 27.
13
Calculate the remainder when 52 is divided by 18.
16
Calculate the remainder when 2014 is divided by 144.
142
Calculate the remainder when 294 is divided by 27.
24
Calculate the remainder when 23 is divided by 9.
5
What is the remainder when 3321 is divided by 12?
9
Calculate the remainder when 279 is divided by 92.
3
Calculate the remainder when 2683 is divided by 383.
2
Calculate the remainder when 647 is divided by 80.
7
Calculate the remainder when 453 is divided by 225.
3
What is the remainder when 1729 is divided by 192?
1
Calculate the remainder when 20 is divided by 7.
6
Calculate the remainder when 1262 is divided by 16.
14
What is the remainder when 468 is divided by 25?
18
What is the remainder when 249 is divided by 14?
11
What is the remainder when 1253 is divided by 341?
230
What is the remainder when 1221 is divided by 405?
6
Calculate the remainder when 76 is divided by 41.
35
What is the remainder when 383 is divided by 122?
17
What is the remainder when 2064 is divided by 390?
114
Calculate the remainder when 85 is divided by 37.
11
What is the remainder when 672 is divided by 221?
9
Calculate the remainder when 318 is divided by 74.
22
Calculate the remainder when 1403 is divided by 7.
3
What is the remainder when 2000 is divided by 105?
5
Calculate the remainder when 30 is divided by 8.
6
What is the remainder when 285 is divided by 8?
5
What is the remainder when 1039 is divided by 80?
79
What is the remainder when 247 is divided by 82?
1
What is the remainder when 68 is divided by 7?
5
Calculate the remainder when 717 is divided by 195.
132
Calculate the remainder when 758 is divided by 38.
36
Calculate the remainder when 207 is divided by 15.
12
What is the remainder when 976 is divided by 252?
220
What is the remainder when 109 is divided by 33?
10
What is the remainder when 732 is divided by 148?
140
What is the remainder when 2216 is divided by 30?
26
What is the remainder when 132 is divided by 53?
26
What is the remainder when 208 is divided by 69?
1
What is the remainder when 563 is divided by 19?
12
What is the remainder when 20607 is divided by 56?
55
Calculate the remainder when 66 is divided by 13.
1
Calculate the remainder when 1552 is divided by 37.
35
What is the remainder when 225 is divided by 142?
83
What is the remainder when 25297 is divided by 110?
107
Calculate the remainder when 3184 is divided by 5.
4
What is the remainder when 22 is divided by 18?
4
Calculate the remainder when 85 is divided by 52.
33
Calculate the remainder when 234 is divided by 131.
103
Calculate the remainder when 87 is divided by 25.
12
Calculate the remainder when 1062 is divided by 129.
30
What is the remainder when 256 is divided by 133?
123
Calculate the remainder when 142 is divided by 40.
22
Calculate the remainder when 77 is divided by 44.
33
Calculate the remainder when 1708 is divided by 159.
118
What is the remainder when 473 is divided by 121?
110
Calculate the remainder when 15979 is divided by 68.
67
Calculate the remainder when 243 is divided by 10.
3
What is the remainder when 125 is divided by 7?
6
Calculate the remainder when 194 is divided by 18.
14
What is the remainder when 147 is divided by 31?
23
What is the remainder when 295 is divided by 295?
0
What is the remainder when 530 is divided by 234?
62
Calculate the remainder when 150 is divided by 15.
0
What is the remainder when 157 is divided by 17?
4
Calculate the remainder when 2442 is divided by 2430.
12
Calculate the remainder when 203 is divided by 57.
32
What is the remainder when 96910 is divided by 48?
46
Calculate the remainder when 118 is divided by 109.
9
Calculate the remainder when 2537 is divided by 107.
76
What is the remainder when 1754 is divided by 448?
410
Calculate the remainder when 157 is divided by 13.
1
What is the remainder when 835 is divided by 53?
40
Calculate the remainder when 312 is divided by 80.
72
What is the remainder when 1375 is divided by 452?
19
What is the remainder when 923 is divided by 103?
99
What is the remainder when 356 is divided by 85?
16
What is the remainder when 47 is divided by 12?
11
Calculate the remainder when 501 is divided by 15.
6
What is the remainder when 2088 is divided by 110?
108
What is the remainder when 844 is divided by 9?
7
What is the remainder when 2579 is divided by 129?
128
What is the remainder when 58 is divided by 51?
7
What is the remainder when 1441 is divided by 19?
16
Calculate the remainder when 76 is divided by 7.
6
Calculate the remainder when 4382 is divided by 59.
16
Calculate the remainder when 3925 is divided by 77.
75
What is the remainder when 361 is divided by 91?
88
What is the remainder when 414 is divided by 228?
186
Calculate the remainder when 2652 is divided by 884.
0
What is the remainder when 755 is divided by 208?
131
What is the remainder when 2966 is divided by 299?
275
Calculate the remainder when 1152 is divided by 41.
4
What is the remainder when 77 is divided by 38?
1
Calculate the remainder when 731 is divided by 31.
18
Calculate the remainder when 204 is divided by 55.
39
Calculate the remainder when 454 is divided by 19.
17
Calculate the remainder when 87 is divided by 30.
27
What is the remainder when 695 is divided by 141?
131
What is the remainder when 52 is divided by 39?
13
Calculate the remainder when 892 is divided by 8.
4
Calculate the remainder when 19 is divided by 4.
3
Calculate the remainder when 70 is divided by 31.
8
Calculate the remainder when 3 is divided by 2.
1
What is the remainder when 112 is divided by 63?
49
Calculate the remainder when 456 is divided by 22.
16
What is the remainder when 334 is divided by 70?
54
Calculate the remainder when 145 is divided by 28.
5
What is the remainder when 228 is divided by 63?
39
Calculate the remainder when 363 is divided by 126.
111
What is the remainder when 20 is divided by 7?
6
What is the remainder when 1401 is divided by 23?
21
Calculate the remainder when 163 is divided by 17.
10
What is the remainder when 1530 is divided by 258?
240
What is the remainder when 79 is divided by 65?
14
What is the remainder when 208 is divided by 40?
8
What is the remainder when 453 is divided by 43?
23
Calculate the remainder when 1230 is divided by 112.
110
What is the remainder when 583 is divided by 65?
63
What is the remainder when 243 is divided by 97?
49
Calculate the remainder when 15602 is divided by 306.
302
What is the remainder when 409 is divided by 10?
9
What is the remainder when 1578 is divided by 93?
90
Calculate the remainder when 16630 is divided by 66.
64
What is the remainder when 1331 is divided by 18?
17
What is the remainder when 372 is divided by 17?
15
Calculate the remainder when 217 is divided by 6.
1
What is the remainder when 1260 is divided by 203?
42
What is the remainder when 618 is divided by 54?
24
What is the remainder when 57 is divided by 30?
27
What is the remainder when 208 is divided by 33?
10
What is the remainder when 55 is divided by 39?
16
What is the remainder when 45 is divided by 18?
9
Calculate the remainder when 304 is divided by 62.
56
Calculate the remainder when 303 is divided by 41.
16
What is the remainder when 5047 is divided by 25?
22
What is the remainder when 262 is divided by 138?
124
What is the remainder when 4655 is divided by 34?
31
Calculate the remainder when 418 is divided by 126.
40
Calculate the remainder when 955